506113 (base 9) to base 5
-34042322
-580b1a (base 12) to base 6
-50131234
Convert 297529 (base 14) to base 12.
596329
Convert 19097 (base 15) to base 13.
2ac19
Convert 130102110 (base 4) to base 2.
11100010010010100
Convert 57365 (base 10) to base 15.
11ee5
What is -291c1 (base 16) in base 10?
-168385
Convert -1323000232 (base 4) to base 13.
-148450
What is -30e (base 15) in base 9?
-845
-3664261 (base 7) to base 9
-785277
Convert 104177 (base 8) to base 9.
52835
Convert -5601a6 (base 13) to base 8.
-7571150
Convert 585b8b (base 12) to base 14.
28d8b9
Convert 142496 (base 10) to base 15.
2c34b
11011011110001011011 (base 2) to base 16
dbc5b
25045554 (base 6) to base 14
16b5a6
What is 181313 (base 15) in base 4?
10131100323
Convert -2223551 (base 6) to base 2.
-11011011010111011
1120344104 (base 5) to base 12
a11b30
Convert 505533 (base 11) to base 9.
1467544
What is -845056 (base 10) in base 5?
-204020211
What is 36153552 (base 7) in base 4?
30032313312
-383a5 (base 13) to base 7
-611630
-103320350 (base 6) to base 16
-1c298a
-224630613 (base 7) to base 3
-221212212011220
-4b5a2 (base 12) to base 3
-12020000012
What is -81478 (base 10) in base 16?
-13e46
What is 10001101011001111100110 (base 2) in base 12?
1675572
Convert -486d2d (base 14) to base 12.
-9b5a11
-21422004 (base 5) to base 11
-117721
Convert 3180118 (base 11) to base 4.
111111132222
-41ab5 (base 12) to base 2
-10101000011101001
What is 420c (base 15) in base 7?
55464
What is -20243214 (base 6) in base 10?
-581338
What is -12022101000 (base 3) in base 7?
-613500
What is 3431725 (base 10) in base 4?
31011310231
96a4450 (base 11) to base 9
35085465
32124211 (base 5) to base 4
1002003130
-470ba7 (base 16) to base 9
-8675786
Convert -277264 (base 9) to base 2.
-101001010110000100
What is 251a33 (base 16) in base 15?
3306c9
Convert -23611a1 (base 11) to base 6.
-224114032
3649028 (base 11) to base 2
11000001110101011001010
-111110000110111110 (base 2) to base 14
-689d4
Convert 1716a5 (base 12) to base 7.
3241364
43144 (base 16) to base 4
1003011010
-14010314 (base 5) to base 4
-202200112
What is -221101211022 (base 3) in base 8?
-1720377
Convert e9e34d (base 15) to base 2.
101010011110011110011001
-11110122100 (base 3) to base 8
-253614
Convert 27761 (base 12) to base 15.
112d4
Convert -621455 (base 7) to base 9.
-171635
What is -1a1b3c (base 14) in base 10?
-926938
Convert -b4a21a (base 12) to base 13.
-784807
What is -204020045 (base 6) in base 2?
-1101100010010100111101
-3031413104 (base 5) to base 6
-335122440
What is 19009a (base 11) in base 3?
112212211020
What is 36583566 (base 9) in base 15?
18851e3
What is -75152 (base 11) in base 15?
-225d0
Convert 23533415 (base 9) to base 12.
3a16242
101100101110110111010 (base 2) to base 5
333401121
-22102102100 (base 3) to base 14
-445c1
Convert 6104117 (base 9) to base 4.
30121220110
43304403 (base 5) to base 10
369353
What is 45163577 (base 8) in base 3?
200100210021022
What is -542552 (base 7) in base 12?
-468bb
What is 5001050 (base 9) in base 7?
31410132
-75b34 (base 15) to base 7
-3114502
-2a026a3 (base 11) to base 13
-10b7477
What is -3327234 (base 8) in base 12?
-372aa4
Convert -1010001101000110101111 (base 2) to base 12.
-a90127
Convert 108030 (base 11) to base 2.
101001111011010100
8a196 (base 16) to base 7
4544065
Convert 1110424211 (base 5) to base 8.
11226125
Convert 1351253 (base 6) to base 7.
436602
-6086a2 (base 11) to base 13
-28309a
103043443 (base 5) to base 16
6b8b2
-604c3 (base 14) to base 16
-3881b
420414320 (base 5) to base 12
6b66b8
Convert a85b8 (base 13) to base 8.
1122066
-2d511 (base 15) to base 4
-203231122
What is -20022300340 (base 5) in base 14?
-2897828
What is 44712632 (base 8) in base 11?
550686a
Convert 7115023 (base 9) to base 6.
213115203
What is -131230122113 (base 4) in base 15?
-a3b5e2
44136c (base 15) to base 11
191641a
-22804 (base 10) to base 6
-253324
What is a19323 (base 11) in base 10?
1637518
What is 222111110 (base 3) in base 9?
28443
What is -2102122202 (base 4) in base 8?
-2223242
Convert -1fddbc (base 16) to base 12.
-848678
Convert 1ff39 (base 16) to base 11.
8a366
Convert 4781b6 (base 13) to base 16.
19fc51
What is -144104024 (base 5) in base 7?
-6352516
-531617 (base 8) to base 10
-177039
What is -111011001110101000010 (base 2) in base 4?
-13121311002
Convert -1010111000001111000110 (base 2) to base 11.
-167864a
Convert 1014360 (base 7) to base 5.
12342421
-2422341 (base 6) to base 11
-87936
-1517564 (base 8) to base 10
-434036
26745 (base 16) to base 7
1224132
What is 7bc4 (base 16) in base 14?
b792
What is 202263021 (base 7) in base 12?
3b58950
Convert 3304212 (base 9) to base 5.
423241214
Convert -6b64b7 (base 12) to base 4.
-12212321023
-c63fc (base 16) to base 4
-3012033330
-4502b5 (base 14) to base 10
-2343927
Convert 194c77 (base 14) to base 13.
255391
Convert -1105334 (base 6) to base 15.
-11747
What is -1022022120 (base 3) in base 2?
-110010010010010
What is 38251 (base 10) in base 3?
1221110201
52114441 (base 7) to base 14
81bd58
What is 2373340 (base 9) in base 16?
13a8e6
Convert -90163 (base 12) to base 4.
-231213123
What is 2546651 (base 9) in base 3?
2121120201201
-1212022111022 (base 3) to base 7
-11263202
-f096 (base 16) to base 4
-33002112
Convert -782881 (base 10) to base 2.
-10111111001000100001
-421023 (base 12) to base 16
-fd8db
101461 (base 10) to base 15
200e1
Convert -312312212013 (base 4) to base 15.
-13e0869
3301020104 (base 5) to base 9
14232222
Convert 47354774 (base 8) to base 7.
153634136
What is 13220332132 (base 4) in base 15?
298681
Convert 2142765 (base 8) to base 7.
4613166
What is 1001202220 (base 3) in base 14?
7904
What is -9b2 (base 12) in base 10?
-1430
What is -3c5b12 (base 15) in base 4?
-23011032200
-12087766 (base 10) to base 16
-b871d6
Convert 4644c5 (base 15) to base 4.
30303102323
What is 1101110101100000 (base 2) in base 5?
3303142
Convert 16157b (base 13) to base 14.
102c9d
What is -91376 (base 14) in base 16?
-553fc
Convert 88862 (base 10) to base 16.
15b1e
What is -111a57 (base 13) in base 5?
-100410223
Convert 2e610 (base 15) to base 2.
100100100101101001
What is -451730 (base 9) in base 2?
-1000001111111110100
What is -21012021002220 (base 3) in base 12?
-1344943
What is -101100000100111000100 (base 2) in base 9?
-2641168
Convert -1101200121200 (base 3) to base 4.
-2311013103
Convert a90a4 (base 11) to base 13.
571b7
What is -11723654 (base 10) in base 5?
-11000124104
-16b295 (base 13) to base 2
-10001010011111110110
Convert -12410440133 (base 5) to base 2.
-111010011110000100110111
-3242155 (base 7) to base 5
-100200230
What is -761765 (base 10) in base 15?
-100a95
Convert -110211101201211 (base 3) to base 12.
-2349827
What is 2341013222 (base 5) in base 3?
101011201102211
What is -496f90 (base 16) in base 6?
-251052544
eb84e (base 16) to base 15
140c76
Convert 33024314 (base 8) to base 11.
4001629
417271 (base 11) to base 15
d3107
-192512 (base 12) to base 16
-6b55e
What is cb288b (base 13) in base 7?
55406611
Convert 524324 (base 8) to base 15.
36997
-164319 (base 14) to base 10
-779907
5453240 (base 6) to base 15
55723
Convert -1122032112 (base 4) to base 6.
-11530530
-5454632 (base 7) to base 15
-d3412
Convert -155351213 (base 6) to base 9.
-6254260
-14014343211 (base 5) to base 11
-a010672
Convert 664a17 (base 11) to base 13.
2b1a48
21122202020202 (base 3) to base 4
33201201110
415516 (base 8) to base 7
1113341
135853 (base 9) to base 10
83073
-110231331 (base 4) to base 7
-502260
15025410 (base 6) to base 4
1332032232
78005 (base 9) to base 5
3124024
Convert -4aa412 (base 13) to base 2.
-110110101110110100011
Convert 2c031a (base 15) to base 2.
1000000111010001100110
Convert b0245 (base 13) to base 7.
2450050
-1000001001100000111111001 (base 2) to base 16
-104c1f9
Convert 31517226 (base 8) to base 5.
3210202040
Convert -13301301 (base 5) to base 11.
-92122
What is 3550540 (base 6) in base 9?
312446
-113311223 (base 5) to base 2
-10000000010111110101
5793bc (base 15) to base 7
50356545
Convert -2fb5e (base 16) to base 12.
-95112
What is 775217 (base 8) in base 16?
3fa8f
What is -106a67 (base 11) in base 14?
-460da
440003 (base 9) to base 11
16a1a5
What is -12450332 (base 6) in base 2?
-1100100010101010000
Convert -110100110